ue
Let u = -395 - -609. Is u prime?
False
Suppose w - 3*w = 6. Let s(k) be the second derivative of 19*k**4/12 + 2*k**3/3 + 2*k**2 - 2*k. Is s(w) a prime number?
True
Let b be 2 + -1 + 6/(-3). Let t(g) = -115*g. Is t(b) prime?
False
Suppose 2*h - 4 = 6. Suppose -h*f + 3*f + 134 = 0. Suppose 0 = 3*z - 4*z + f. Is z prime?
True
Is -5*(-8)/20 + 1400 composite?
True
Let z = 256 + -30. Suppose 0 = 6*c - 8*c - 6. Is z/(-2 + 1 - c) composite?
False
Suppose 3*i + 0*i = 9. Suppose -v = -i*v. Suppose 5*m - 2155 = -v*m. Is m composite?
False
Let u(f) = 59*f**2 - 7*f + 5. Is u(3) a composite number?
True
Let p be (-2 + -2596)/(-1 - 0). Is p/30 + 2/5 prime?
False
Let q = 105 - -774. Is q prime?
False
Suppose -2*d = -2*c + 2, 5*c + 3*d - 23 = -d. Suppose c*q + 4*t = -5, 0 = 2*q + 3*t - 2 + 7. Suppose -185 = -0*l - q*l. Is l prime?
True
Is (1 + -3)/2 - -94 composite?
True
Suppose 3*w = -5*a - 31, 3*w = w - 2*a - 22. Is 248/3 + (-4)/w a prime number?
True
Let k = 7 + -4. Suppose -4*d = -9*d + 5*y + 1905, -d - k*y = -373. Is d prime?
True
Let f = 1 - -15. Let x = f + -3. Let z = 28 - x. Is z a prime number?
False
Let b = 1126 - 737. Is b composite?
False
Suppose 2*a + a = -45. Is 509/4 + a/60 composite?
False
Suppose 1529 = -5*l - 4*p, -4*l - 6*p = -p + 1225. Let s = -186 - l. Is s composite?
True
Let i(f) = -92*f**3 + f**2 - 2*f - 1. Is i(-2) composite?
False
Suppose 10 = 4*m - 2*m. Let p be (3 - m)/((-2)/9). Let d(w) = w**2 + 2*w - 10. Is d(p) composite?
False
Suppose 0 = -2*l + 5*o + 4 + 16, 40 = 3*l - 5*o. Suppose -5*f - l = -t, -4*t + 2*f + 29 = -f. Is (3 - t) + 22 + 1 prime?
False
Suppose 0 = 3*v - 4*s - 122, 2*v - 4*s - 84 = -0*s. Suppose 4*c - v = 54. Suppose z - 4 - c = -o, -100 = -4*o - 2*z. Is o prime?
True
Let i = -4 - -7. Let a(b) = 3*b + 2*b - i + 10*b**2 - b**3 - 8 + 0*b. Is a(9) a prime number?
False
Let r(c) = c**2 + 5*c + 4. Let i = -16 - -11. Let h be r(i). Suppose 32 = h*j - j + p, 38 = 3*j - 5*p. Is j composite?
False
Let m be (-1 - 0) + 0 + 0. Let d(r) be the second derivative of -13*r**3/6 + 4*r. Is d(m) a composite number?
False
Suppose -2*b = 4*b - 3684. Is b a prime number?
False
Let s(a) = -3*a**3 - 2*a**2 + 5*a + 3. Is s(-4) prime?
False
Suppose -2*z - 1760 = 5*i - 6649, -4*i = -2*z + 4862. Is z a prime number?
True
Suppose i + 3*z - 783 = 0, 3064 = 2*i + 2*i - 5*z. Is i a prime number?
False
Suppose -2*k + 3*k = 51. Is k a composite number?
True
Let j = 744 - 412. Suppose 5*w = w + j. Is w a prime number?
True
Let d(k) be the first derivative of k**4/4 - 7*k**3/3 + 3*k**2 + 4*k + 3. Is d(6) prime?
False
Let d = -139 - -254. Suppose 5*t + 0*t = d. Is t a composite number?
False
Let x = -109 - -181. Is 32028/x - (-2)/12 a prime number?
False
Suppose 2*m + 206 = 3*m. Is m a prime number?
False
Let s(l) = -2 + 1 - 4 + 32*l. Is s(8) a prime number?
True
Let h = 4 - 2. Suppose -3*n + 3 = -h*n. Is n prime?
True
Is (4/6)/(6/4329) - -4 prime?
False
Suppose -3*u + 7 = -8. Suppose -5*l + 13 = 3*x, -l - 4*l - 5*x + u = 0. Suppose -3*k = -5*a + 446, a = 4*a - l*k - 258. Is a composite?
True
Let b be (-12)/(-78) - 63/(-13). Suppose -131 = -b*i + 4*i. Is i a prime number?
True
Let w = 271 - 20. Is w a prime number?
True
Is (-1897)/(-28) - 3/4 composite?
False
Suppose 45 = 3*q + 12. Let t = 16 - q. Suppose 2*p - 3*j = -2*p + 302, -4*p - t*j + 318 = 0. Is p a prime number?
False
Let x(d) = -d + 0*d + 4*d - 4*d - 3. Let i be x(-6). Is i - (-1 - (3 - 0)) prime?
True
Let d = 3 - 3. Suppose 0 = -3*p - 8 - 1, -5*u - 5*p + 800 = d. Is u composite?
False
Let h = 2774 + -1909. Is h a composite number?
True
Let n(p) = p**3 - 8*p**2 - 11. Let v be (18/4)/((-3)/(-6)). Let x be n(v). Suppose x = 3*d - 23. Is d composite?
False
Suppose 3*w + 59 = -3*p + 14, 2*w = p - 15. Let m = w - 176. Is m/2*1/(-3) prime?
True
Suppose -b - 8 - 13 = -4*c, 4*b = -20. Let k(l) = 22*l - 5. Is k(c) a composite number?
False
Is 67/(3 - 2)*1 a composite number?
False
Let o = -157 + 314. Let z = -68 + o. Is z prime?
True
Let i(a) = 5*a - 1. Let y be i(1). Suppose -3*x + 2*v = -0*v - 43, -y*v = 2*x - 18. Suppose w - 93 = -5*j, -j = 2*w - x - 2. Is j a composite number?
False
Let d(g) = g**2 - 6*g + 4. Suppose -4*w = -4 - 12. Let r be d(w). Is 6/(-24) - 277/r a prime number?
False
Suppose 4 = -2*p + 4*p. Suppose 0 = p*b - 30 + 4. Is b a composite number?
False
Is (-1950)/(-90) - ((-8)/6)/(-2) prime?
False
Let k(q) = q - 1. Let m be k(1). Suppose -a + 26 = -5*j, 4*j + 1 = -19. Suppose 2*l - a - 3 = m. Is l prime?
True
Suppose 3*y = 7*y. Suppose 4*i = -2*a + 148, 0 = 5*i + 4*a - y*a - 191. Is i composite?
True
Let i(l) be the third derivative of l**6/60 - l**5/15 - l**4/6 - 5*l**3/6 + l**2. Let u be i(4). Let w = 82 - u. Is w prime?
False
Let f(y) = -y**2 - 3*y + 2. Let w be f(-2). Suppose i + 8*x - 7 = 3*x, -w*i + 2*x + 28 = 0. Is 4/14 + 789/i prime?
True
Suppose 0 = -3*x + 2*x - 2, -5*x - 10 = -5*h. Let l be 1/(0 - (h + -1)). Is (-1)/((-1)/(l - -54)) composite?
True
Suppose -2*f + 3*f = 2. Suppose -f*b - 3*m = -2, 0*b = -b + m + 6. Suppose -b*i = i - 95. Is i a composite number?
False
Suppose 4*x - 663 + 203 = 0. Is x a prime number?
False
Suppose -7*a + 2*a = 0. Suppose -m + a*m + 3 = 0, -3*u + m + 1500 = 0. Is u a composite number?
True
Suppose 3*y + 31 = 6*y - a, 0 = -2*a + 4. Is 2/y - (-1791)/11 a prime number?
True
Let c(x) = -12*x**2 + x + 9. Let o(v) = 35*v**2 - 3*v - 26. Let u(k) = 17*c(k) + 6*o(k). Is u(-4) a prime number?
True
Let l(u) = -u - 31. Let o(f) = 9 - 2 - 1 + 0. Let a(z) = 2*l(z) + 11*o(z). Is a(-5) a composite number?
True
Let y(x) = 5*x**2 + 10*x + 8. Let n(j) = 4*j**2 + 10*j + 8. Let d(o) = -4*n(o) + 3*y(o). Suppose 27 + 8 = -5*h. Is d(h) composite?
False
Is (1 - -129) + 4/(-4) a prime number?
False
Let o(q) = 10*q - 3. Let r be o(-6). Let y = -46 + r. Let t = -40 - y. Is t a prime number?
False
Let l = -329 - -748. Is l composite?
False
Suppose -16 = -6*u + 4*u. Suppose o = 5*k - 371, -u*k = -4*k - 5*o - 301. Suppose -4*j + k = 14. Is j a composite number?
True
Let c = -11 + 16. Suppose 2*n - 37 = -3*x, 4*n = c*n + 4. Is x a composite number?
True
Let k(n) = n + 1. Let f(h) = h + 1. Let p(u) = 2*f(u) - k(u). Let j be p(-1). Suppose j = 5*t - 46 - 129. Is t composite?
True
Suppose -11 - 10 = -3*f + 5*w, w - 7 = -5*f. Let k = -6 - -10. Suppose 77 = q - f*h, -h = k*q - 6*h - 308. Is q a composite number?
True
Let w = 898 - -303. Is w composite?
False
Suppose 14*k = 10*k. Suppose 5*c = -k*c + 815. Is c a prime number?
True
Let k = 225 + -146. Is k composite?
False
Let d(l) = 51*l - 4. Is d(3) prime?
True
Suppose 3 = p + 1. Let v be 3 - p - (-17 - 2). Suppose -3*c + v = -43. Is c prime?
False
Suppose -91 = -2*h + 99. Suppose u = 3*i - 6, 8 = -4*u - 4. Is i*2 + h/1 composite?
False
Let c(k) = -k**3 + 4*k**2 - 3*k - 4. Let w be c(3). Is w*3/(-12) + 52 prime?
True
Let j(b) = b**3 + 17*b**2 - 7*b - 6. Is j(-13) prime?
True
Suppose -x = -0*x - 122. Suppose -o - 137 = -3*f - 3*o, 5*o = -4*f + 192. Let b = x - f. Is b a composite number?
False
Let j(z) = z**3 - 5*z**2 + 6. Let i be j(5). Suppose -2*a + i*a = 4*x + 612, -x = 5*a - 741. Is a prime?
True
Suppose -z = -y + 32, 0 = -5*y - 3*z + 246 - 62. Let v = -14 + 0. Let n = y + v. Is n composite?
True
Let f = 9 + -9. Suppose 0*v + v = f. Suppose 81 = n - 2*c, 4*n + v*n + 5*c = 363. Is n composite?
True
Let a(m) = 10*m - 9. Let b be a(12). Let w = b + -74. Is w a prime number?
True
Suppose -g + 13 = 5. Suppose g = -2*v - 2*v. Is v*-37*2/4 prime?
True
Suppose 2*t + 342 = -t. Let x = t - -205. Is x a prime number?
False
Suppose 6*h = -h + 1813. Is h composite?
True
Suppose -t - 7 = -0*i + 3*i, -41 = -2*t + 5*i. Suppose -t = -a + 2. Suppose 2*b + a = 3*b. Is b prime?
False
Let u(o) = o**2 - 12*o + 18. Is u(13) prime?
True
Let b(c) = -85*c + 2. Is b(-1) a composite number?
True
Let k be -2*(-4 + 1 + 1). Suppose 2*y - 3*y + 3*h + 11 = 0, y + k*h = 25. Is (y/2)/(2/28) a composite number?
True
Suppose g - 18628 = -3*s, 0 = 2*s - 7*s + 5*g + 31040. Is s a composite number?
True
Let f(s) = 38*s**3 + s**2 + 1. Let a be f(2). Suppose 3*l - m - 877 = 4*m, 5*m + a = l. Let z = l - 157. Is z a composite number?
False
Let q(i) = -331*i - 1. Let z be 3/3*(-1)/1. Let a be q(z). Is a/24 + (-1)/(-4) composite?
True
Let n(j) = -j**3 + 6*j